-53*t + 51*t = -8. Suppose 2*b - 3*b = t*b. Suppose 3*z - 4*w = 5*z - 272, -w + 1 = b. List the prime factors of z.
2, 67
Let p = 138 + -144. List the prime factors of ((-12084)/95)/(p/40).
2, 53
Suppose 4*l - 3986 = y, 4*l - 2*y - 5759 = -1771. Suppose -4*m - 3*i + 490 = -l, -2*i = -3*m + 1106. What are the prime factors of m?
2, 5, 37
Let y = -100 + 56. Let x = 44 + y. Suppose x = w + 2*b - 100, 0 = -4*w - b - 2*b + 410. List the prime factors of w.
2, 13
Let g(k) = 592*k - 36. Let j be g(2). Suppose -j = -4*w + 388. List the prime factors of w.
2, 3
Let n = -1171 - -2007. List the prime factors of n.
2, 11, 19
Suppose -30*d + 7*d + 8*d + 658320 = 0. What are the prime factors of d?
2, 13, 211
Let j(u) = 220*u**2 - 24*u - 56. List the prime factors of j(-6).
2, 7, 11, 13
Let r(z) = -105*z + 32. Let v(y) = -y**3 + 25*y**2 + 29*y - 81. Let f be v(26). What are the prime factors of r(f)?
347
Suppose -3*g + 6952 = f, -2*g = -2*f + 5*f - 4630. What are the prime factors of g?
2, 19, 61
Let s be (24/(-9))/(-3*(-6)/(-27)). Suppose f + 19 = s*m - 4*f, 5*m = 3*f + 27. Suppose m*l - 60 - 96 = 0. List the prime factors of l.
2, 13
Let r(d) = -2*d**2 + 5*d + 11. Let h be r(6). Let m(n) = 65*n**2 - 3*n + 4. Let w be m(1). Let b = w + h. List the prime factors of b.
5, 7
Let w = 2121 - 664. Let v = w + -934. What are the prime factors of v?
523
Let h = -91 + 65. Let y = h + 107. Suppose 63 + y = 3*o. What are the prime factors of o?
2, 3
Suppose 1386848 + 3869636 = 417*x - 6241874. What are the prime factors of x?
2, 17, 811
Suppose 5*a - 110250 = -5*n, -4*a + 44098 = 111*n - 109*n. What are the prime factors of n?
22051
Let g = 223 - 209. Suppose g*w + 960 = 24*w. List the prime factors of w.
2, 3
Suppose -5*a - 194 = 3*g, 4*a = 4*g - 9*g - 319. Let x = -46 - g. Let c(z) = -z**2 + 20*z + 12. List the prime factors of c(x).
3, 7
Let n(t) = 2*t**2 + 18*t + 22. Let x be n(-8). Suppose x*p - 2*p = 228. What are the prime factors of p?
3, 19
Let l(i) = i**2 + 0*i + 8 + 5 + 19 + 11*i. What are the prime factors of l(-15)?
2, 23
Suppose 20767 = -57*n + 22281 + 57880. What are the prime factors of n?
2, 521
Suppose 2*a = b - 1917, 3*b + 11*a - 10*a = 5779. List the prime factors of b.
5, 7, 11
Let d(a) = -7*a + 4. Let i be d(-5). What are the prime factors of (3/(-4))/(i/2366)*-2?
7, 13
Suppose -4*a + 5*d = -88848, -65*a - 88856 = -69*a + 3*d. List the prime factors of a.
13, 1709
Let j = 289 + 547. Let c = -683 + j. List the prime factors of c.
3, 17
Let p = -75 - -162. Let a = -82 + p. Suppose -3*w + 387 = 3*s, 2*s + a*w + 0*w = 246. What are the prime factors of s?
7, 19
Suppose -3*q = -3, -88*l + q = -85*l - 131405. List the prime factors of l.
2, 11, 181
Suppose -102 = -46*u + 40*u. Suppose u*s - 22*s = -75. List the prime factors of s.
3, 5
Suppose 0 = 13*h - 8*h - 25. Let t(p) = 706*p - 20. Let u be t(5). Suppose -h*j + u = 13*j. List the prime factors of j.
3, 5, 13
Let s be (5 + (-104)/16)*172/(-6). Let n = s - -1200. List the prime factors of n.
11, 113
Suppose -980 = -5*o + 5*l, 2*o + 2*l - 760 = -2*o. Let v = 18507 + -18372. Let u = o - v. What are the prime factors of u?
3, 19
Suppose -45290 - 6226 = -9*c - 6795. What are the prime factors of c?
4969
Let f(o) = 26*o + 2413. List the prime factors of f(-36).
7, 211
Let g = 18265 - -13524. What are the prime factors of g?
83, 383
Suppose -70560 = -42*v + 49854. What are the prime factors of v?
47, 61
Suppose 4*k - 46 = 14. Suppose k*b - 9*b = 1638. Suppose -6*z - b = -1299. What are the prime factors of z?
3, 19
Let c(g) = -16*g**2 - 4*g + 10. Let j(s) = s**2 - 13*s + 14. Let v be j(12). Let x be c(v). Let r = x - -114. List the prime factors of r.
2, 13
Suppose 5*s = -2*z + 35952, -2*z + 28376 = s - 7560. List the prime factors of z.
2, 13, 691
Suppose 5*a - 923 = 3*u, -76*a + 74*a - 4*u = -364. Suppose 3*t = 2*p + 390 - 158, 0 = 5*t - 10. Let f = a + p. List the prime factors of f.
71
Let x(s) = 5*s**3 - 14*s**2 - 6*s + 28. What are the prime factors of x(16)?
2, 7, 601
Let n(q) = -3*q**3 - 3*q**2 + 19730. What are the prime factors of n(0)?
2, 5, 1973
Let b = -31570 + 59105. List the prime factors of b.
5, 5507
Let d be (-60)/(-50)*21090/4. Suppose -8*h + 1275 = -7*h + 5*s, -5*h + d = s. What are the prime factors of h?
5, 11, 23
Suppose -466*j + 180 = -461*j. What are the prime factors of 3/36 - (-20301)/j?
2, 3, 47
Let k(c) be the first derivative of 10*c**3/3 + 4*c**2 - 48*c - 15. What are the prime factors of k(7)?
2, 3, 83
List the prime factors of (-1 + -1)*-4139 - 8.
2, 5, 827
Let d(u) = 7*u**3 + 17*u**2 - 2*u - 53. Let q(a) = -12*a**3 - 34*a**2 + 5*a + 108. Let z(m) = -7*d(m) - 4*q(m). List the prime factors of z(13).
3, 179
Let g(s) = s - 3. Let h be g(4). Let u = -46 + 50. Suppose -h = d - u, -4*j - 4*d + 360 = 0. List the prime factors of j.
3, 29
Suppose 0 = v + 5*u - 12367, -4*u + 2709 + 59000 = 5*v. What are the prime factors of v?
13, 73
Suppose 3*l + w - 3 = 0, 2*w - 1 - 3 = -5*l. Suppose 0 = 4*s + 5*j - 144, 6*s - 160 = l*s - j. Let d = s - -175. List the prime factors of d.
2, 3
Suppose 2256 = -2*m + 4*x, 0 = -3*x + 2*x + 4. Let f = m - -1711. List the prime factors of f.
3, 197
Let w(o) = 18*o**3 + o**2 + 4. Let d(q) = -q**3 + 10*q**2 - 16*q - 4. Let m be d(7). Let r be ((-2)/4)/(m/(-124)). List the prime factors of w(r).
2, 19
Let r = 6080 + 8707. Suppose 0 = -14*v + r - 4763. What are the prime factors of v?
2, 179
Let i be (8/20)/((-1)/(-80)). Suppose -8*z = -4*z - i. Suppose x + 686 = z*x. What are the prime factors of x?
2, 7
Let k be (-6)/(-14) - (-4)/(-84)*9. Suppose k = -y + 2*c + 89, 4*y = y - 4*c + 267. List the prime factors of y.
89
Let z(d) be the third derivative of 13*d**5/30 - 7*d**4/24 + 13*d**3/6 + 14*d**2. List the prime factors of z(3).
2, 113
Let y = 60 - 58. Suppose y*c - 1275 = -3*c. Let h = -182 + c. What are the prime factors of h?
73
List the prime factors of (-20)/(-130) - (-15)/(-65)*18 - -56446.
2, 3, 23, 409
Let m(y) be the first derivative of -y**4/4 + 2*y**3/3 - 2*y**2 - 6*y + 3. Let d be m(-5). Suppose -6*r - d = -9*r. What are the prime factors of r?
3, 7
Suppose q + 7 = 9. Suppose 4*w - 10 = q*w. Let f(a) = 6*a**2 + 3*a - 12. List the prime factors of f(w).
3, 17
Suppose -19*v = -23*v. Suppose v = -0*a - 3*a + 15. Suppose 0 = a*s - 4*q - 191, s - 5*q - 35 = -q. What are the prime factors of s?
3, 13
Let w(b) = 18*b**2 - 190 + 65 - 24*b + 66 + 62. List the prime factors of w(-5).
3, 191
Suppose 0 = -6*y + 1335 + 1677. Let c = y - 6. List the prime factors of c.
2, 31
Let s be 6 - 112/18 - 2152/36. Let k = s - -146. List the prime factors of k.
2, 43
Suppose 14*f + 2484 = 7104. List the prime factors of f.
2, 3, 5, 11
Suppose -2*j = -b + 82671, -964*b - 2*j + 82667 = -963*b. List the prime factors of b.
19, 229
Let j(v) = -v**2 + 14*v + 36. Let r be j(16). Suppose -s = -7 + r. Suppose s*m + 5*u = m + 28, u = m. What are the prime factors of m?
2
Suppose -2*t = -9*t + 273. Suppose 5*i + 19 = -q, -4*q + 3*i + t = -0*i. What are the prime factors of (212/q)/((-10)/(-15))?
53
Suppose -5*n + 4*y - 5564 = 0, -4*n - 9*y + 10*y = 4460. Let c = n - -2177. List the prime factors of c.
1061
Let n = 98 - 97. Suppose -n = 3*d + 2, 4*d = -z + 295. What are the prime factors of z?
13, 23
Let d = 5438 - 2170. List the prime factors of d.
2, 19, 43
Let z = 16640 + -4087. What are the prime factors of z?
12553
What are the prime factors of -4*((-30)/(-6))/((-28)/13419)?
3, 5, 71
Let z(i) = -3*i + 6. Let x(w) be the first derivative of 7*w**2/2 - 11*w + 7. Let q(o) = -2*x(o) - 5*z(o). List the prime factors of q(11).
3
Suppose 21*p - 78 = 34*p. List the prime factors of (-711)/12*p + 42/28.
3, 7, 17
Suppose -87*t + 266684 = -29*t. What are the prime factors of t?
2, 11, 19
Suppose 4843 = -8*x + 11*x - p, -6452 = -4*x - 4*p. Let r = x + -734. List the prime factors of r.
2, 5, 11
Suppose -13*u = -9*u + 2*l - 20, -4*u = -l - 26. Suppose u*s - 46 = 4850. What are the prime factors of s?
2, 3, 17
Let z be 1 - 28/(-12)*-3. Let j be z/(-21) - (-388)/14. Let a = 116 - j. List the prime factors of a.
2, 11
Let c be 462/42*(2 - -2). List the prime factors of (-3 - 11)*(-1958)/c.
7, 89
Let s(b) = 7518*b + 251. What are the prime factors of s(2)?
15287
Suppose -7*i - 10 =